8a25
Convert -11144313 (base 5) to base 3.
-12002010011
Convert -d444b (base 14) to base 6.
-14542455
-27272546 (base 8) to base 4
-113113111212
Convert -630344 (base 8) to base 15.
-41e69
What is 3a15526 (base 11) in base 2?
11010100000000100110010
What is -11100000011011010011001 (base 2) in base 6?
-421342201
-123102 (base 8) to base 2
-1010011001000010
-2000020120220 (base 3) to base 6
-34514553
-2015543 (base 6) to base 10
-95895
What is -20798 (base 13) in base 2?
-1110010000111110
-1727251 (base 9) to base 10
-963217
What is 997a0 (base 11) in base 14?
3aa41
Convert 346547 (base 8) to base 15.
24ee9
What is -417450 (base 8) in base 4?
-201330220
Convert -2712878 (base 10) to base 12.
-aa9b52
What is 130a231 (base 12) in base 2?
1110010011100011000101
Convert -946039 (base 10) to base 2.
-11100110111101110111
33cb (base 13) to base 7
30116
Convert 1279d2 (base 16) to base 6.
41541414
Convert -1261351 (base 7) to base 12.
-80217
What is -5042051 (base 7) in base 4?
-2102020223
Convert 3cd3ad (base 14) to base 6.
113124325
-24165673 (base 8) to base 11
-2aa2436
-5105025 (base 7) to base 5
-123404121
125402042 (base 6) to base 5
1120114310
What is 5f403e (base 16) in base 11?
3583a89
Convert 1110011023 (base 4) to base 2.
1010100000101001011
Convert -303013111 (base 4) to base 6.
-4253141
Convert 125b7 (base 13) to base 8.
102236
What is -19b07 (base 15) in base 16?
-1461a
Convert -111212102 (base 4) to base 2.
-10101100110010010
Convert -1350314100 (base 6) to base 14.
-22a8496
What is -161281 (base 13) in base 14?
-102a1d
What is -2134425 (base 8) in base 9?
-1061157
What is -104032240 (base 5) in base 6?
-13431544
Convert 33312132 (base 4) to base 16.
fd9e
Convert 1606868 (base 10) to base 8.
6102324
What is -202110100122122 (base 3) in base 10?
-10872053
What is -1270337 (base 8) in base 7?
-3013402
46243b (base 12) to base 4
10102113233
What is -76622 (base 13) in base 3?
-101212202112
44929 (base 11) to base 13
23788
17023a (base 11) to base 16
4068f
Convert -12130323130 (base 4) to base 3.
-10011221002211
1413635 (base 7) to base 11
11979a
Convert -101001000010011000011001 (base 2) to base 14.
-1600601
What is 3325857 (base 10) in base 5?
1322411412
What is -221754 (base 9) in base 4?
-200113111
What is 20bcf (base 16) in base 15?
29aea
Convert 43249 (base 14) to base 11.
100a84
What is 11110000212 (base 3) in base 4?
111113033
What is -1d02a (base 16) in base 11?
-81304
3432131244 (base 5) to base 6
432514203
Convert -11441540 (base 6) to base 15.
-729a0
-51e4a9 (base 15) to base 14
-735a81
What is 12142421 (base 5) in base 4?
130022201
Convert -173f0 (base 16) to base 12.
-47128
What is -205024 (base 8) in base 6?
-1243204
def2 (base 16) to base 10
57074
110313210 (base 4) to base 9
140223
-11114 (base 12) to base 3
-1011000221
Convert -14024522 (base 7) to base 3.
-2110002001102
What is -1060347 (base 10) in base 8?
-4026773
Convert 741136 (base 13) to base 16.
29703a
What is 1338377 (base 10) in base 8?
5066011
Convert 345677 (base 8) to base 3.
12222110002
What is 155254 (base 8) in base 4?
31222230
592751 (base 10) to base 13
179a53
What is -8077b0 (base 15) in base 2?
-10111010001010110001101
What is -1033002414 (base 5) in base 14?
-42259c
-1010111110 (base 3) to base 6
-250533
Convert 1114341400 (base 5) to base 4.
21201133123
What is -1014121422 (base 5) in base 12?
-8523b6
1001011100110000010110 (base 2) to base 6
125031542
Convert -13122003 (base 5) to base 11.
-89434
34147 (base 8) to base 16
3867
What is -3f1c7 (base 16) in base 9?
-433535
101011220002120 (base 3) to base 7
63663441
What is 184b78 (base 12) in base 11?
26a046
Convert -313430412 (base 5) to base 15.
-1ad83c
What is -50445 (base 9) in base 6?
-413322
What is 14123334 (base 5) in base 15?
2d17e
What is 157454 (base 10) in base 2?
100110011100001110
What is -30121314 (base 5) in base 8?
-722557
Convert -35b83 (base 16) to base 6.
-4414403
Convert -334723 (base 8) to base 10.
-113107
465261 (base 8) to base 14
41a13
-1010462 (base 11) to base 12
-722002
Convert 3446536 (base 8) to base 4.
3210311132
What is 348a37 (base 13) in base 11?
782242
What is -1250021 (base 6) in base 4?
-100301131
-46a80 (base 11) to base 3
-10110001220
477500 (base 8) to base 4
213331000
473976 (base 11) to base 4
2313203300
680129 (base 12) to base 9
3107716
What is 20311110230 (base 4) in base 10?
2315564
What is -5555 (base 9) in base 8?
-10004
335036 (base 8) to base 10
113182
What is -11001110111010110010001 (base 2) in base 5?
-3213432210
Convert -1222316 (base 7) to base 15.
-3175b
Convert 16277330 (base 9) to base 5.
4041003023
What is 73178 (base 10) in base 4?
101313122
Convert -1525116 (base 9) to base 5.
-203443144
What is 82198 (base 14) in base 8?
1143472
What is -216372 (base 8) in base 9?
-121060
What is -1000112132 (base 4) in base 2?
-1000000010110011110
Convert 509500 (base 15) to base 14.
719275
What is 1103123314 (base 5) in base 13?
65b441
-513503 (base 7) to base 16
-156a1
What is 6617522 (base 9) in base 6?
204110245
-10000001000010 (base 2) to base 12
-4942
What is 531242 (base 6) in base 7?
236414
What is 6a1420 (base 11) in base 12?
458bb5
Convert 222350 (base 8) to base 2.
10010010011101000
Convert 44875 (base 16) to base 6.
10003301
What is 413403235 (base 6) in base 10?
7170215
Convert -2416401 (base 7) to base 5.
-34312212
440442240 (base 5) to base 15
275165
What is 322032100030 (base 4) in base 12?
5140724
132100 (base 4) to base 12
1154
-135069 (base 15) to base 7
-10614123
Convert 1500014 (base 8) to base 14.
b1364
-a17c (base 14) to base 6
-332242
Convert -17b549 (base 13) to base 15.
-bba2d
What is 5568513 (base 9) in base 11?
1768544
What is 12033633 (base 7) in base 5?
233124031
Convert -55dec1 (base 15) to base 3.
-21201011022101
-1528816 (base 9) to base 8
-3164737
What is -494aff (base 16) in base 9?
-10030830
Convert 1135225333 (base 6) to base 10.
12849753
-1523162 (base 10) to base 12
-615562
Convert 101221001201012 (base 3) to base 10.
5807732
Convert -226221 (base 10) to base 13.
-7bc78
Convert -7037a (base 11) to base 12.
-4b6a1
-2070394 (base 10) to base 12
-83a18a
7535 (base 11) to base 2
10011011101000
Convert -30028 (base 15) to base 9.
-251342
-119810 (base 11) to base 16
-2e0ea
-115455 (base 10) to base 6
-2250303
2821a (base 14) to base 16
18380
What is 2017523 (base 10) in base 6?
111124215
Convert 12135310 (base 6) to base 11.
2440a6
What is 12404501 (base 6) in base 10?
405397
Convert -533243 (base 8) to base 15.
-37a52
What is 28434a (base 12) in base 5?
132432304
Convert 12013310 (base 7) to base 12.
4329b5
Convert -11e089 (base 15) to base 16.
-d1523
Convert -2b951 (base 12) to base 6.
-1154141
-1103222112 (base 5) to base 7
-26246304
1b6ffa (base 16) to base 13
4ac5b4
What is -2111002221222 (base 3) in base 10?
-1320920
What is 75698 (base 10) in base 6?
1342242
Convert 1110333111 (base 4) to base 5.
42114432
-1877783 (base 14) to base 6
-1111451051
-3053201 (base 9) to base 12
-666b9a
1101a88 (base 11) to base 13
529b24
Convert 54d557 (base 15) to base 3.
21121110221201
26093 (base 12) to base 9
78233
-10303222310 (base 4) to base 13
-3517b5
-11110011010010001010 (base 2) to base 5
-223341430
Convert -1422383 (base 10) to base 11.
-891726
-40411101 (base 7) to base 12
-1162a56
What is 20041111 (base 8) in base 11?
2416aa0
What is 103797 (base 14) in base 8?
2055351
Convert -1000101010111101101 (base 2) to base 6.
-10031245
Convert 58b93 (base 15) to base 16.
45072
What is -17e928 (base 16) in base 9?
-2847478
Convert 11011111101011010 (base 2) to base 15.
23dec
-2102012220 (base 3) to base 2
-1011100110111000
Convert -18aa5 (base 12) to base 8.
-106435
What is 19a4718 (base 13) in base 14?
11a47cc
What is 5cbb8 (base 13) in base 7?
1312031
Convert 2211001101021 (base 3) to base 2.
101101101011101010010
1124481 (base 11) to base 7
22504000
What is 101101010110001011000 (base 2) in base 10?
1485912
Convert -42d0d (base 16) to base 4.
-1002310031
Convert 4454012 (base 7) to base 4.
2012210222
What is -21102112222 (base 3) in base 11?
-9a933
What is -1543455 (base 7) in base 9?
-353510
Convert 102850 (base 9) to base 15.
13200
What is 1000110100011111010 (base 2) in base 11?
188164
Convert 10020222111 (base 3) to base 